= -34*m - 2. Suppose -4*i - 12 = -4*y + 12, 6 = 5*y + 3*i. Let q = m + y. What is the units digit of q?
1
Suppose -4*k + 6*k - 28 = 0. Suppose 2*j = 4*j - u - k, 3*u = 3*j - 27. Suppose -283 = -7*t + 2*t + 2*x, -j*x + 119 = 2*t. What is the units digit of t?
7
Let i = 365 + -239. What is the tens digit of i?
2
Let n be -146 - (5 + -3 - 5). Suppose 0 = -11*y + 9*y + 406. Let m = n + y. What is the units digit of m?
0
Let m(w) = 350*w**2 + 4*w. What is the hundreds digit of m(-1)?
3
Let b = -136 - -133. What is the units digit of (272 - 6) + (-5 - b)?
4
Suppose 5*a - 10 = -5*d, -2*a = 4*d - 5 + 3. Suppose 4*u - 3*l + 55 - 1 = 0, -3*u + 3*l = 39. What is the units digit of -2*a*u/6?
5
Let v be (56/(-12) - -3)*3. Let d(w) = w**3 + 7*w**2 + 3*w - 2. Let y be d(v). Suppose 124 = 2*p + 2*x, -y = -3*p - 5*x + 163. What is the tens digit of p?
5
Let s(m) = -44*m - 191. Let h be s(-5). Suppose 5*n - 6 = 5*u - 1, 0 = -4*u - 3*n + 17. Suppose -13 = -u*v + h. What is the units digit of v?
1
Let w = 7 - 10. Let u be -34*w/(-12)*-2. What is the units digit of u/2 - 4/(-8)?
9
What is the units digit of 84/(-9)*-1*15/1?
0
Let d(j) = j**3 - 13*j**2 + 25*j + 49. What is the tens digit of d(12)?
0
Let m(x) = -x - 12. Let v be m(-14). Suppose 4*y + a = -a, -a = v. What is the units digit of (152/(-2))/(-2) + y?
9
Let w(a) = 41*a**3 + 2*a**2 + a - 2. Let l be w(2). Let i = l - 160. What is the hundreds digit of i?
1
Let k(t) = t**2 - t - 2. Let j be k(2). Suppose j = 8*o - 4*o. Suppose 2*m = 2*y - 42 - 6, -2*y + 5*m + 54 = o. What is the tens digit of y?
2
Let r be 1/(100/24 - 4). Suppose r*c - 120 = -0. What is the units digit of c?
0
Let l = -8 + 12. Suppose -b - 2*y - 2 = -3*b, b - 2*y = l. What is the units digit of (36/b)/((-9)/6)?
2
Suppose 5*m + 5 = -5*c, 3*m - 2*c = 2*c + 25. Suppose 5*k - m = -t, -2*k = -t - 3*k + 3. What is the units digit of t?
3
Let q be (-3189)/(-9) - 2/6. Let z = q - 231. What is the tens digit of z?
2
Suppose 251*f - 247*f = 48. Let s = 21 - 3. Let v = s - f. What is the units digit of v?
6
Suppose c - 2*s + 9 = 34, 3*c - 4*s = 77. Suppose -2*u - 53 = c. Let o = -23 - u. What is the units digit of o?
7
Let s(o) = 4*o**2 - 17*o - 40. What is the hundreds digit of s(12)?
3
Suppose 2*l - 1187 = 197. What is the hundreds digit of l?
6
Let b(t) = 4*t**2 + 6*t + 28. What is the units digit of b(-8)?
6
What is the units digit of 2548/7 + -4 + 1?
1
Let i be (-36116)/(-20) + (8/(-10) - -1). Suppose -564 + i = 6*m. What is the tens digit of m?
0
Suppose 6*x - 2*x - 1350 = -2*y, -3*x = -4*y - 996. What is the units digit of x?
6
Let d(i) be the second derivative of i**5/60 + 3*i**4/8 - 5*i**3/6 - 2*i**2 - 3*i. Let b(q) be the first derivative of d(q). What is the units digit of b(-11)?
7
Let j(m) = -m**2 + 2*m + 2. Let u be j(0). Suppose 5*l + 3 - u = -2*a, -9 = -3*a + 3*l. What is the units digit of a?
2
Let c(j) = j**3 + j**2 - 5*j - 3. Let h be c(-3). Let k be ((-3)/h)/(2/52). Suppose 29 = 4*v - 5*f, -k = -v + 3*v + 3*f. What is the units digit of v?
1
Suppose -10*m = m - 77. Suppose -6*s = -m*s + 78. What is the units digit of s?
8
Let w = 59 - 80. What is the tens digit of (-2077)/(-7) + 3/w*-2?
9
Suppose -3*k + 3 + 3 = 0. Suppose 129 = 4*x - 4*z + 5*z, -k*x + 82 = 4*z. What is the tens digit of x?
3
Suppose 0 = -4*b - a + 231, 5*b - 61 = 4*a + 212. Suppose b = -c + 4*c + i, c - 4*i = 19. What is the units digit of c?
9
What is the units digit of 8 + -7 - (-299)/1?
0
Suppose 0 = -2*h + 45 - 65. What is the units digit of 215/h*-4 + 1?
7
Let w(i) = i**2 - 3*i - 10. Let p be w(-9). Suppose 0*y - p = -y. Suppose 5*a - 112 = y. What is the tens digit of a?
4
Suppose -4*s - 93 = -t, 8 = -5*s - 12. Suppose 5*z = 4*z + t. What is the tens digit of z?
7
Let p(u) = u**2 - 18*u - 17. Let r be p(12). Let d = -32 - r. What is the units digit of d?
7
Suppose 83*f = 91*f - 5008. What is the units digit of f?
6
Let d = -8 - -23. What is the tens digit of (-193)/(-5) - (-6)/d?
3
Suppose 4*j - 49 = 7. Suppose 130 = 2*d + j. What is the units digit of d?
8
Let q be -1*(-1 + (-2)/(-2)). Suppose q*z - 3*z + 204 = 0. What is the tens digit of z?
6
Let b = -309 - -173. Suppose -r = -204 + 4. Let k = r + b. What is the tens digit of k?
6
Let q be 3 - 0/(-1) - (-15)/(-5). Suppose 4*v = 5*k + 116 + 60, q = 2*v + k - 88. What is the tens digit of v?
4
Suppose 3*m - 2658 = 768. What is the tens digit of m?
4
Let u(z) = z**2 + 22*z + 8. Let k = -7 - -14. What is the units digit of u(k)?
1
Let r(n) = n**2 - 2*n - 1. Let l(b) = -3*b**2 + 8*b + 3. Let x(u) = l(u) + 5*r(u). Let g = -4 + 2. What is the units digit of x(g)?
0
Let b(p) = 44*p + 1. Let j be b(1). Let w be (-24699)/j - (-6)/(-45). What is the units digit of (w/(-18))/(2/4)?
1
Suppose -15*f + 10*f = -540. Let g = f + -10. What is the tens digit of g?
9
Let i(b) = -b**2 + 17*b - 6. Let d be i(18). Let w = d + 42. What is the tens digit of w?
1
Let o = -9 + 12. Suppose 16 = z - 4*y, -o*z - 8 = -0*z + 2*y. Suppose z = -5*k + 114 + 56. What is the units digit of k?
4
Let m = -431 + 573. What is the hundreds digit of m?
1
Let f = 93 - 22. Suppose 3*j + 5*g - 100 = f, -2*j = -g - 127. What is the tens digit of j?
6
Suppose 4*u + 173 = 1577. What is the units digit of u?
1
Let x(l) = -3*l - 34. Let z be x(-18). What is the units digit of (-8)/z - (-3)/(30/584)?
8
Suppose 0 = 19*t - 3*t - 864. Suppose 3*y = 4*f + f + 27, -y + 2*f = -10. Suppose -3*n + 4*n = -5*k + 80, t = 2*k - y*n. What is the units digit of k?
7
Suppose -14*j + 2108 = 3*j. What is the units digit of j?
4
Let a(z) = z**2 - 8*z + 48. What is the units digit of a(0)?
8
Let k(p) = -41*p + 424. What is the tens digit of k(-9)?
9
Suppose w = -2*d + 209, 8*w = 5*w + 2*d + 587. What is the units digit of w?
9
Let l be 2/9 + (-230)/(-18). Let w = -5 + l. Let d = 6 + w. What is the units digit of d?
4
What is the units digit of (107*(-12)/(-3))/2?
4
Suppose -3*u = 4*m - 339, u - 2*u - 3*m = -113. Suppose 0 = 5*t - 167 - u. Let n = -27 + t. What is the units digit of n?
9
Let z be ((-3)/9)/((-2)/6). Let t = z + 4. Suppose t*v - 3*r = 187, 2*r = v - r - 35. What is the units digit of v?
8
Let l be (-4 + 5)*4/1. Suppose r + 3*h = 7, 5*r - 29 - 6 = -l*h. Suppose 2*m + r = -1, -2*m = -3*i + 104. What is the tens digit of i?
3
Suppose -y = -4*a - 88, 4*y - 10*a - 272 = -14*a. Let w(g) = g**2 + 4*g - 7. Let s be w(-7). What is the units digit of (y/21)/(2/s)?
4
Suppose y - 3 - 2 = 0. Suppose 3*j - 202 = y. What is the tens digit of j?
6
Let k(a) = a**3 + 44*a**2 - 51*a + 39. What is the thousands digit of k(-43)?
4
What is the tens digit of 1150/92*(-202)/(-5)?
0
Suppose 4*m - 21 = m. Suppose 12*p - 10 = m*p. Suppose 3*o - b = 21 + 32, -p*b + 13 = o. What is the tens digit of o?
1
Let l(n) = n**2 - 4*n - 10. Let v be l(6). Let d(q) = 20*q + 3*q**v - 11*q + 9 - 13*q. What is the units digit of d(3)?
4
Let m(y) be the third derivative of y**5/60 + 2*y**4/3 + 35*y**3/6 - 4*y**2 + 3. What is the tens digit of m(-17)?
5
What is the units digit of 1/2 + ((-482647)/22)/(-29)?
7
Suppose 3*d + 2*u = -0*d + 44, 0 = -5*d - 5*u + 75. Suppose 0 = 3*k - 124 - d. What is the tens digit of k?
4
Suppose 3*v + 6 = 0, -n - 2*n = 3*v - 6. Suppose 3*k - 8 = 4*x - k, k - n = 2*x. What is the tens digit of ((-7)/x)/((-3)/(-18))?
2
Let q = -1560 - -2797. What is the hundreds digit of q?
2
Suppose 2*o - y = 1605, -5*o + 56*y - 54*y = -4014. What is the hundreds digit of o?
8
Let m = 10 + -5. Suppose -3*z - 4 = m. What is the units digit of z/5 + 304/40?
7
What is the tens digit of (-2 + 0/(-7 - -1))*-62?
2
Suppose -4*f = -5*z + 1569, 2*z - 5*z - 5*f + 971 = 0. What is the tens digit of z?
1
Suppose 2*o + 3*v - 258 = 6*o, 4*o + 248 = -2*v. Let z = 126 + o. What is the units digit of z?
3
What is the units digit of -4*(-65)/20*5?
5
What is the units digit of 0 - -148 - 90/(-15)?
4
Suppose 0 = -2*m - 8, -2*d = 3*m - 6*m - 16. Suppose -3*x + d*x = 1. What is the units digit of x*(-9)/((-4)/(-4))?
9
Suppose -6*j - 759 = -17*j. Suppose 273 - j = 2*s. What is the hundreds digit of s?
1
Suppose 0 = -12*h - 7*h + 17708. What is the hundreds digit of h?
9
Let b = -1084 - -1956. What is the units digit of b?
2
What is the tens digit of 3703/13 - 72/(-468)?
8
Suppose -5*y - 321 = -361. What is the